of u and a.
15
Let u(w) = 3*w**2 + 9*w - 6. Let h be u(-5). Let y = -15 + h. What is the highest common divisor of y and 6?
3
Suppose 4*p + 40 = 8*p. Let c = -110 - -180. Calculate the greatest common factor of c and p.
10
Let w = -5 + 10. Let s be 1 + 2/1 + 1. Suppose 0 = u + 3*g, -4*u - s*g + 26 = -w*g. What is the greatest common divisor of 15 and u?
3
Suppose 60*w - 241 = 2639. What is the highest common factor of w and 696?
24
Let n be ((-16)/(-3))/(-6 - 133/(-21)). Calculate the highest common divisor of n and 80.
16
Let a = 20 - -64. Suppose -17 = 3*d - 80. What is the greatest common factor of a and d?
21
Let u be 1*24 - (-26 - 1632/(-51)). Let m be (1 + -4)/((-1)/66). Calculate the highest common factor of m and u.
18
Let m(r) = -2*r**3 - 4 - 3 + 3*r**3 - 7*r - 8*r**2. Let n be m(9). Calculate the greatest common factor of 11 and n.
11
Suppose 4*d + 5*z = 105, z - 20 = -3*z. Suppose 0 = o + 2*o - 18. Let h(l) = -l + 10. Let t be h(o). What is the highest common factor of d and t?
4
Suppose -1904 = -11*j - 6*j. Suppose -s = 3*b - j - 17, -3*b + 489 = 4*s. What is the greatest common factor of 15 and s?
15
Let j(b) = -1 - 2*b**3 + 2*b + 2 + 3 + 0*b**2 - 4*b**2. Let x be j(-5). What is the greatest common factor of x and 16?
16
Suppose 0 = -0*y - 20*y + 2200. Let f = 70 + y. What is the highest common divisor of f and 36?
36
Let j(s) = 303*s - 300. Let d be j(6). Calculate the highest common divisor of d and 132.
66
Let a be 7 + (-3)/((-6)/4). Suppose 9 - 3 = 2*t. Suppose -14 = -r + 4*n, -2*r - t*n + 41 = 2*n. Calculate the highest common divisor of r and a.
9
Let o be 2/(3/126*6). Let g be (o - -1)*3/9. What is the greatest common divisor of g and 40?
5
Suppose 3*q - 8*q = 0. Suppose q = f + 7*f - 16. Calculate the greatest common factor of f and 2.
2
Suppose -5*g = -6*g + 4. Suppose -g + 44 = 2*f. What is the highest common divisor of 20 and f?
20
Let a = -1155 + 1240. Calculate the greatest common divisor of 40 and a.
5
Suppose -7 = -4*n + 1. Suppose g + n*g - 24 = 0. What is the greatest common divisor of g and 88?
8
Suppose -r = 8*z - 3*z + 8, -4*r = 5*z - 43. Calculate the greatest common divisor of r and 7.
1
Suppose 0 = 2*n - 15 + 3. Let i be 7*((-30)/(-45) + 44/42). Suppose -4*a - 10 + i = b, -2*b = -a - 13. Calculate the highest common divisor of n and b.
6
Let c(a) = -a**3 + 18*a**2 + 21*a + 8. Let g be c(19). What is the greatest common divisor of g and 621?
23
Let i be (-3 + 2)/(2/(-8)). Suppose 0 = -4*h + w - 98, -i*h + 121 = -9*h + 2*w. Let s = -12 - h. What is the highest common divisor of 117 and s?
13
Let h be 4/(28/1617*7). Calculate the highest common divisor of 187 and h.
11
Let f(x) = -x**2 - 6*x + 2. Let c be f(-6). Let r be 19 + -25 + (-22)/(-1). What is the greatest common divisor of c and r?
2
Let f = 57 - 58. Let p be -6*(9/18)/(f*3). Calculate the greatest common factor of 3 and p.
1
Let d = -12 + 16. Suppose -5*j + 304 = -5*a - 26, a + d*j = -61. Let v = -37 - a. What is the highest common factor of 28 and v?
28
Suppose 140 - 595 = 5*w. Let p be 2/7 + (-8710)/w. Calculate the highest common divisor of p and 12.
12
Suppose -4*s + 88 = 3*y - 59, 5*s - 176 = 4*y. Let k be ((-48)/s)/((-1)/(-4))*-33. Calculate the highest common factor of 22 and k.
22
Let b(m) = -m + 23*m**2 - 21 + 17*m - 4*m**2 - 10*m**3 + 11*m**3. Let j be b(-18). Calculate the greatest common divisor of 6 and j.
3
Suppose 4*f - 3*d - 8358 = -5*d, -f = 4*d - 2079. Calculate the greatest common divisor of f and 123.
123
Let z be ((-2)/(-6))/((-4)/(-60)). Suppose 3*t + w - 3 = z, 0 = -5*t + 4*w + 36. Calculate the highest common divisor of 10 and t.
2
Let r(i) = -i**2 + 8*i + 8. Let x be r(9). Let k(b) = 4*b + 1 + 2*b - 14*b. Let o be k(x). Calculate the highest common factor of o and 45.
9
Let a(p) = 95*p - 114. Let i be a(11). What is the greatest common divisor of 19 and i?
19
Let k = -70 + 80. Let t be 5/(-3*1/(-30)). What is the highest common divisor of t and k?
10
Let p = 24 + -13. Let t be (p/4)/(2/80). Let x(f) = -f**2 - 7*f + 4. Let w be x(-6). What is the greatest common divisor of t and w?
10
Suppose -33*j + 36*j = 162. Suppose 1 - 13 = -3*y, 50 = 5*t + 5*y. What is the greatest common factor of t and j?
6
Suppose 0*g + 570 = 4*g - 2*a, -g - 3*a = -160. Calculate the highest common divisor of 29 and g.
29
Let i be (-18)/(((-4)/(-2))/(-2)). Let x be (-1 + -8)*(-4)/i. Suppose -x*t + 114 = 4*l - 0*l, 4*l + 4*t = 108. What is the highest common factor of l and 6?
6
Suppose 10*q - 1768 = 512. Suppose 10*j = 14*j - q. What is the greatest common divisor of j and 95?
19
Suppose 0 = -10*l + 11*l - 3. Let s be 10/30 + 14/l. What is the greatest common divisor of 40 and s?
5
Let w be (2/4)/(3/282). Suppose 639*c - 644*c + 940 = 0. What is the greatest common factor of c and w?
47
Suppose 5*n = 2*z - 239, n = -z - 2*n + 147. Calculate the highest common divisor of z and 36.
12
Suppose 0 = -2*k + 2 + 4. Suppose 0*w = -k*w + 63. Let h = 38 - w. What is the greatest common divisor of h and 17?
17
Let c = 22 - 20. Suppose 0 = -c*l + 5*l - 21. Calculate the greatest common divisor of l and 7.
7
Let v be (4/(-2))/((-10)/1385) + 3. Calculate the highest common factor of v and 40.
40
Let a(f) = f**3 + 7*f**2 - 5*f + 6. Let h be 3/6 + (-27)/2. Let s = h + 7. Let b be a(s). Calculate the highest common factor of 12 and b.
12
Let h(f) = 6*f**2. Let a be h(1). Suppose 3*i = 3*t + a, 4 = -4*t + i + 2*i. What is the highest common divisor of t and 8?
2
Let o be ((-3)/((-9)/57))/(-3 + 4). Suppose -31*x = -32*x + o. Calculate the highest common factor of 209 and x.
19
Let n(w) = -w**2 - 11*w + 7. Let v be n(-13). Let c = 1 - v. Suppose 7*b = 89 - 19. Calculate the greatest common factor of b and c.
10
Suppose 3*s - 11 + 56 = 0. Let w be 5/s + (-88)/(-3). Let n = w + -21. Calculate the highest common factor of 12 and n.
4
Let q be ((-14)/(-7))/((-2)/(-4)). Let u = q - -6. Calculate the greatest common divisor of u and 70.
10
Let k = -245 - -269. What is the highest common factor of 36 and k?
12
Let d(r) = 9*r**2 - 12*r - 6. Let f be d(-8). Calculate the greatest common divisor of 18 and f.
18
Let b(d) = -765*d + 13. Let q(l) = 191*l - 3. Let t(a) = 2*b(a) + 9*q(a). Let n be t(3). Suppose -5*z + n = 66. What is the highest common divisor of 40 and z?
20
Let f(p) = 4*p**2 + 2*p - 8. Let v be f(-3). What is the highest common factor of 154 and v?
22
Suppose 0 = -2*q - 8*q + 940. Let y = -19 + q. Let k = 55 - 25. What is the highest common divisor of y and k?
15
Let k be 92/4 - 3/1. Suppose 0 = 4*w + w + k. Let v(h) = -h**3 + h**2 - h + 4. Let j be v(w). What is the highest common divisor of 22 and j?
22
Let k(q) = -q**3 - 7*q**2 + 12*q - 2. Let z be k(-8). Let s be z/(5/(-1) - -3). What is the highest common divisor of 119 and s?
17
Suppose 0 = -12*q - 86 + 218. What is the highest common divisor of q and 176?
11
Let j = -15 - -17. Suppose j*b + 24 = 3*h - 46, -4*h + 86 = b. Suppose -5*u + 2*c + 116 = 0, 3*u + h = 4*u - c. Calculate the highest common factor of u and 48.
24
Suppose -3*i + 3*q + 30 = 0, 10*q - 5*q = 2*i - 5. Calculate the highest common divisor of 75 and i.
15
Suppose -48 = -78*w + 76*w. Suppose 5*h + 15 = -3*d + 164, d - 47 = h. What is the highest common divisor of d and w?
24
Let z = 6420 + -6389. Suppose -4*f + 147 = -101. What is the highest common factor of f and z?
31
Let h be (8140/(-30) + -7)/((-1)/6). Calculate the highest common divisor of 10 and h.
10
Suppose 0 = 5*s + v - 56, -3*s + 23 + 21 = -2*v. Let a = 6349 + -6345. What is the highest common divisor of a and s?
4
Let y(u) = -5*u**3 + 0*u - u + u + u**2 + u. Let q be y(-2). Let c be (-1 - 2/(-2)) + q. Calculate the highest common factor of c and 105.
21
Suppose -2*d = 3*d - 4*x + 2, d + 3*x = 11. Suppose -5*g - 3*m = -86, 7*m + 22 = 2*g + 2*m. Calculate the greatest common factor of d and g.
2
Let y(a) be the third derivative of a**5/60 - a**4/2 - 5*a**3/6 + 19*a**2. Let k be y(13). Calculate the greatest common factor of k and 72.
8
Let d = -4 - -10. Let g(c) = -8 - 463*c + 467*c - 16. Let i be g(12). Calculate the highest common divisor of i and d.
6
Suppose 0 = 5*h - 906 + 186. Calculate the highest common divisor of 16 and h.
16
Let g = -174 - -422. What is the greatest comm